f 964?
True
Is 5052225 a multiple of 795?
True
Does 7207 divide 1949457465?
True
Is 2 a factor of 125190074?
True
Is 36273104 a multiple of 112?
True
Does 70 divide 8509410?
True
Does 174 divide 944156886?
True
Is 5837575 a multiple of 5?
True
Is 456694704 a multiple of 2934?
True
Is 452325316 a multiple of 573?
False
Does 57 divide 3904956?
True
Does 383 divide 1578766508?
False
Is 26 a factor of 63666898?
False
Is 646 a factor of 11885715?
False
Does 48 divide 168220016?
False
Is 3419 a factor of 141146095?
False
Is 8 a factor of 60248012?
False
Is 1434888753 a multiple of 62?
False
Is 164258902 a multiple of 2428?
False
Is 18672430 a multiple of 719?
True
Is 30 a factor of 332862559?
False
Is 450 a factor of 1168140670?
False
Does 584 divide 237944376?
True
Is 904 a factor of 123092256?
True
Is 2105 a factor of 232134990?
False
Is 98 a factor of 8467298?
True
Does 1514 divide 240903138?
True
Does 329 divide 273930335?
True
Does 240 divide 1136226240?
True
Is 1599 a factor of 1175148273?
True
Is 101 a factor of 416381893?
True
Does 941 divide 148616954?
False
Is 102 a factor of 5707754?
False
Does 1473 divide 30060984?
True
Is 228264309 a multiple of 155?
False
Does 119 divide 80259312?
True
Is 2804243682 a multiple of 576?
False
Does 98 divide 1712648?
True
Is 26 a factor of 39687232?
True
Is 26 a factor of 27737162?
False
Does 70 divide 23945460?
True
Does 57 divide 80044115?
False
Does 2680 divide 240199236?
False
Is 78 a factor of 18085470?
True
Is 1555820994 a multiple of 217?
True
Is 2462 a factor of 156835847?
False
Is 670916925 a multiple of 2835?
True
Is 34397968 a multiple of 22?
True
Is 233 a factor of 511583625?
False
Is 112 a factor of 1213435?
False
Is 17374027 a multiple of 5?
False
Is 13439700 a multiple of 5?
True
Does 705 divide 44654278?
False
Does 26 divide 3828656?
True
Is 788 a factor of 110925184?
True
Is 490796951 a multiple of 3?
False
Is 35 a factor of 99986683?
False
Does 39 divide 7866594?
False
Does 2259 divide 51435171?
True
Does 237 divide 628524?
True
Does 67 divide 12722931?
False
Is 60307610 a multiple of 13310?
True
Does 9 divide 1288190979?
True
Is 16419921 a multiple of 23?
False
Does 532 divide 18759359?
False
Does 40 divide 192143440?
True
Is 2122565807 a multiple of 859?
True
Does 322 divide 120978067?
False
Is 66 a factor of 15470572?
False
Is 3173665044 a multiple of 594?
False
Is 36 a factor of 442385856?
True
Is 30 a factor of 6115710?
True
Does 1324 divide 64135884?
True
Is 44 a factor of 28158284?
True
Does 52 divide 15650440?
True
Is 185972869 a multiple of 10?
False
Is 71390556 a multiple of 4?
True
Is 43037318 a multiple of 2?
True
Is 25 a factor of 10176988?
False
Is 43 a factor of 226770562?
True
Does 221 divide 3716762822?
False
Does 1498 divide 1158393439?
False
Is 775 a factor of 385633025?
True
Does 167 divide 33192601?
False
Is 19 a factor of 942221609?
True
Is 3781457514 a multiple of 13?
False
Is 393 a factor of 348782285?
False
Is 125 a factor of 4091666000?
True
Is 3030610 a multiple of 536?
False
Is 1204689258 a multiple of 489?
False
Is 3 a factor of 5805697?
False
Does 24 divide 159371809?
False
Does 38 divide 113258137?
False
Does 5 divide 5675380?
True
Is 6385 a factor of 803728632?
False
Is 683 a factor of 431547403?
True
Is 10 a factor of 2571890?
True
Is 11 a factor of 27744833?
False
Is 39 a factor of 8022777165?
True
Is 2593811 a multiple of 15?
False
Does 76 divide 67017408?
True
Is 215 a factor of 90539298?
False
Is 368439820 a multiple of 49?
True
Does 620 divide 14330680?
True
Is 171 a factor of 294735600?
True
Does 1816 divide 694418424?
True
Does 158 divide 9020852?
True
Is 24295920 a multiple of 330?
True
Is 210631200 a multiple of 4128?
True
Is 171740828 a multiple of 1709?
True
Is 299 a factor of 47357115?
True
Is 10581769 a multiple of 31?
False
Is 6796 a factor of 367537168?
False
Is 11 a factor of 3474432?
False
Does 142 divide 2403095?
False
Is 18186340 a multiple of 20?
True
Does 200 divide 1332279800?
True
Is 28911714 a multiple of 30?
False
Is 493627495 a multiple of 943?
True
Is 12 a factor of 91502340?
True
Is 16394402 a multiple of 16?
False
Is 289317268 a multiple of 229?
False
Is 6 a factor of 2305439159?
False
Is 733598304 a multiple of 32?
True
Does 102 divide 2354584976?
False
Is 2 a factor of 62224899?
False
Does 674 divide 544246238?
True
Does 124 divide 451643216?
True
Is 56664548 a multiple of 260?
False
Does 22 divide 947833062?
True
Is 557 a factor of 7330677?
True
Is 281261154 a multiple of 32?
False
Is 156 a factor of 330500352?
True
Is 35997895 a multiple of 491?
False
Does 459 divide 47290337?
False
Is 34349202 a multiple of 3?
True
Does 12 divide 535423294?
False
Is 3110 a factor of 1610752970?
True
Is 3708 a factor of 3827316024?
True
Does 270 divide 7871580?
True
Is 85 a factor of 18063350?
True
Is 24 a factor of 17001790?
False
Is 329101584 a multiple of 399?
True
Does 13 divide 210261194?
True
Is 30138192 a multiple of 1827?
True
Is 823509248 a multiple of 304?
True
Is 16998402 a multiple of 12?
False
Is 15480725 a multiple of 947?
False
Is 194560713 a multiple of 42?
False
Is 42189280 a multiple of 16?
True
Does 113 divide 877096557?
False
Is 7090800 a multiple of 30?
True
Is 3 a factor of 114178663?
False
Is 9 a factor of 13527495?
True
Is 787715500 a multiple of 322?
False
Does 9 divide 5575950?
True
Is 520750890 a multiple of 528?
False
Is 238201875 a multiple of 1125?
True
Is 145103864 a multiple of 2949?
False
Is 113 a factor of 2198380761?
True
Does 266 divide 276802260?
True
Does 78 divide 5043230155?
False
Does 469 divide 1551603?
False
Is 1193600 a multiple of 2?
True
Is 851424058 a multiple of 1837?
False
Is 836526273 a multiple of 103?
False
Is 487293178 a multiple of 49?
False
Does 13 divide 234986202?
False
Is 137 a factor of 7314146?
False
Is 415 a factor of 5694215?
True
Is 93238770 a multiple of 29?
True
Is 477355442 a multiple of 7?
False
Is 382791950 a multiple of 51?
False
Is 245 a factor of 41208020?
True
Does 476 divide 165036340?
True
Is 8 a factor of 6898627?
False
Is 3528 a factor of 3520517112?
True
Is 12 a factor of 204121644?
True
Is 7 a factor of 6719986?
True
Is 609827 a multiple of 219?
False
Is 770 a factor of 470857310?
True
Is 88303916 a multiple of 794?
True
Is 1358050760 a multiple of 10?
True
Is 239315274 a multiple of 103?
False
Does 18 divide 32380100?
False
Is 21302525 a multiple of 310?
False
Is 29 a factor of 98555829?
False
Is 262 a factor of 11939078?
True
Is 99333612 a multiple of 84?
True
Does 185 divide 17379345?
False
Is 221 a factor of 174410327?
True
Is 303 a factor of 210186858?
True
Does 288 divide 312359572?
False
Is 1405 a factor of 89758505?
False
Is 14 a factor of 11856026?
True
Is 5891897 a multiple of 3?
False
Does 19 divide 47278061?
True
Does 84 divide 33115611?
False
Is 133 a factor of 18191149?
False
Is 7016515 a multiple of 193?
True
Is 314733760 a multiple of 88?
True
Is 7829788 a multiple of 2?
True
Does 1119 divide 249615330?
True
Is 15 a factor of 558555150?
True
Is 3497123 a multiple of 118?
False
Is 1177 a factor of 86435349?
True
Is 114169365 a multiple of 2807?
False
Does 43 divide 45489313?
True
Is 594088330 a multiple of 1474?
True
Does 174 divide 16720071?
False
Is 255 a factor of 86152186?
False
Is 1554 a factor of 435631266?
True
Is 12 a factor of 2026665192?
True
Is 76 a factor of 460648257?
False
Is 199645806 a multiple of 114?
True
Is 119 a factor of 750771?
True
Is 41486620 a multiple of 518?
True
Is 1651080280 a multiple of 95?
False
Does 4625 divide 292820543?
False
Is 75236251 a multiple of 12?
False
Is 1110 a factor of 650332350?
True
Does 8 divide 365709607?
False
Is 39 a factor of 55323372?
True
Is 22 a factor of 80697320?
True
Is 404544606 a multiple of 5394?
True
Is 625153250 a multiple of 50?
True
Does 599 divide 80926231?
False
Is 38 a factor of 368161100?
True
Is 82 a factor of 131699879?
False
Is 6 a factor of 2132878782?
True
Does 107 divide 1506961389?
False
Is 376 a factor of 3496424?
True
Does 12 divide 48454019?
False
Is 939523378 a multiple of 1091?
True
Is 860 a factor of 9130620?
True
Is 7 a factor of 2701678?
True
Does 296 divide 1859472?
True
Is 189797343 a multiple of 58?
False
Is 70 a factor of 70067484?
False
Is 413177537 a mu